61 a prime number?
True
Is 1207489 a composite number?
False
Is 26539 a prime number?
True
Is 1937 composite?
True
Is 20327 a prime number?
True
Is 43347 prime?
False
Is 824393 prime?
True
Is 8495 a composite number?
True
Is 246385 a prime number?
False
Is 73163 prime?
False
Is 194629 a composite number?
True
Is 205643 a composite number?
True
Is 357967 a prime number?
True
Is 6143 composite?
False
Is 41201 a composite number?
False
Is 60353 a prime number?
True
Is 28493 composite?
False
Is 3397601 composite?
False
Is 9901 composite?
False
Is 5309 a prime number?
True
Is 778307 a prime number?
True
Is 93157 composite?
True
Is 189613 a prime number?
True
Is 5581 a composite number?
False
Is 7311 a prime number?
False
Is 124577 a composite number?
False
Is 216071 prime?
True
Is 278459 a composite number?
False
Is 62639 prime?
True
Is 1451503 a prime number?
False
Is 800473 composite?
False
Is 342647 composite?
False
Is 458909 composite?
True
Is 10993 a composite number?
False
Is 44729 a composite number?
False
Is 67435 a prime number?
False
Is 358349 prime?
True
Is 2506831 prime?
True
Is 4049 composite?
False
Is 202763 composite?
True
Is 1201 a prime number?
True
Is 176677 composite?
False
Is 29717 composite?
False
Is 823223 a prime number?
False
Is 4391 a prime number?
True
Is 631039 a prime number?
True
Is 37529 a prime number?
True
Is 3866437 composite?
False
Is 50171 a composite number?
True
Is 7369 prime?
True
Is 140717 prime?
True
Is 33911 prime?
True
Is 10651 prime?
True
Is 228013 a composite number?
False
Is 23549 a composite number?
False
Is 1354087 a composite number?
True
Is 35059 a composite number?
False
Is 1973 a prime number?
True
Is 19661 prime?
True
Is 74231 composite?
False
Is 131891 prime?
True
Is 27437 composite?
False
Is 3405037 a prime number?
True
Is 464819 prime?
True
Is 3691 a prime number?
True
Is 210671 prime?
True
Is 922391 prime?
True
Is 576287 a prime number?
True
Is 433037 a prime number?
False
Is 5789 prime?
False
Is 317453 a prime number?
True
Is 25819 a prime number?
True
Is 1601969 a prime number?
True
Is 270089 composite?
True
Is 519313 a composite number?
True
Is 290989 a prime number?
False
Is 18839 a composite number?
False
Is 6469 composite?
False
Is 3189731 a composite number?
False
Is 137179 composite?
True
Is 55291 a prime number?
True
Is 1496571 a composite number?
True
Is 10801 a prime number?
False
Is 2437 a composite number?
False
Is 138989 prime?
False
Is 34031 a composite number?
False
Is 14183 a prime number?
False
Is 1931 a composite number?
False
Is 7033 composite?
True
Is 25013 a prime number?
True
Is 24117 a prime number?
False
Is 227663 a prime number?
True
Is 65357 a prime number?
True
Is 81961 a prime number?
False
Is 168719 a composite number?
False
Is 130477 prime?
True
Is 15503 composite?
True
Is 2216399 a composite number?
False
Is 2939 a composite number?
False
Is 281361 prime?
False
Is 3989 composite?
False
Is 368633 a prime number?
True
Is 2583997 prime?
False
Is 1125499 a prime number?
True
Is 7387 a composite number?
True
Is 7019 composite?
False
Is 446 a composite number?
True
Is 1375669 a composite number?
False
Is 20697 a composite number?
True
Is 613 composite?
False
Is 3695 a prime number?
False
Is 73327 prime?
True
Is 31721 a composite number?
False
Is 69143 a composite number?
False
Is 8923 a prime number?
True
Is 53341 composite?
True
Is 6997 composite?
False
Is 1120489 a composite number?
True
Is 10522 composite?
True
Is 32497 prime?
True
Is 551 a prime number?
False
Is 5591 a prime number?
True
Is 1358687 prime?
False
Is 10183 a composite number?
True
Is 3011 composite?
False
Is 136163 a composite number?
False
Is 185917 a composite number?
False
Is 104693 composite?
False
Is 4490087 composite?
True
Is 840547 composite?
False
Is 92551 a prime number?
True
Is 16671 a composite number?
True
Is 309079 prime?
True
Is 13859 prime?
True
Is 1349 a composite number?
True
Is 39733 a composite number?
False
Is 840439 a composite number?
False
Is 40231 prime?
True
Is 8413 prime?
False
Is 2747 a prime number?
False
Is 24197 a prime number?
True
Is 112181 a prime number?
True
Is 37601 a composite number?
True
Is 9127 prime?
True
Is 1193 a composite number?
False
Is 15557 prime?
False
Is 3503 prime?
False
Is 1028129 prime?
True
Is 550163 composite?
False
Is 613673 a prime number?
True
Is 1655299 composite?
True
Is 36811 composite?
True
Is 235997 prime?
True
Is 1171 prime?
True
Is 6668759 a composite number?
False
Is 400885 composite?
True
Is 8817 composite?
True
Is 16199 prime?
False
Is 135101 composite?
False
Is 4931 a prime number?
True
Is 42969 a composite number?
True
Is 419 prime?
True
Is 31687 prime?
True
Is 202359 a composite number?
True
Is 47111 composite?
False
Is 9791 composite?
False
Is 10334 composite?
True
Is 1873093 a prime number?
True
Is 32569 a composite number?
False
Is 3247 prime?
False
Is 11927 a composite number?
False
Is 1345517 prime?
False
Is 7309 composite?
False
Is 10799 composite?
False
Is 1492703 composite?
False
Is 161961 prime?
False
Is 64301 a composite number?
False
Is 21269 composite?
False
Is 55069 a composite number?
True
Is 12367 prime?
False
Is 152401 prime?
False
Is 59054 a composite number?
True
Is 91753 composite?
False
Is 37087 a prime number?
True
Is 889 a prime number?
False
Is 2119 a composite number?
True
Is 164659 a prime number?
False
Is 135143 a prime number?
False
Is 2369 composite?
True
Is 201821 a prime number?
True
Is 583091 prime?
False
Is 21467 a prime number?
True
Is 11393 a prime number?
True
Is 21143 a composite number?
False
Is 9745 composite?
True
Is 94759 a prime number?
False
Is 306809 composite?
False
Is 83363 a prime number?
False
Is 9101 a composite number?
True
Is 16123 a composite number?
True
Is 326903 composite?
False
Is 7057 a prime number?
True
Is 2177 a prime number?
False
Is 10133 composite?
False
Is 18301 a prime number?
True
Is 2885 a prime number?
False
Is 36221 composite?
True
Is 3641 prime?
False
Is 1623 prime?
False
Is 757481 prime?
True
Is 18199 prime?
True
Is 104287 a composite number?
False
Is 837133 a composite number?
True
Is 740461 composite?
False
Is 246589 prime?
False
Is 230809 composite?
True
Is 12671 a prime number?
True
Is 582203 prime?
True
Is 94469 composite?
True
Is 1633 prime?
False
Is 548707 a composite number?
False
Is 523801 prime?
True
Is 592289 composite?
False
Is 13417 a prime number?
True
Is 141397 a composite number?
False
Is 22577 a composite number?
True
Is 8767 composite?
True
Is 280561 a composite number?
False
Is 28553 composite?
True
Is 356089 prime?
False
Is 25439 a composite number?
False
Is 187 a composite number?
True
Is 5191 composite?
True
Is 269513 prime?
True
Is 11459 a composite number?
True
Is 5141 a composite number?
True
Is 3859 a prime number?
False
Is 1680643 composite?
False
Is 2927 a composite number?
False
Is 358829 a prime number?
True
Is 114379 a prime number?
False
Is 50221 a prime number?
True
Is 210502 a prime number?
False
Is 2099 a composite number?
False
Is 403 a composite number?
True
Is 216203 composite?
True
Is 217 a composite number?
True
Is 163 a prime number?
True
Is 10007 a composite number?
False
Is 19289 prime?
True
Is 53881 prime?
True
Is 1066111 prime?
True
Is 192901 a prime number?
False
Is 68369 composite?
True
Is 102143 a composite number?
True
Is 47183 a prime number?
False
Is 116063 prime?
False
Is 128903 composite?
False
Is 84947 composite?
False
Is 5147 prime?
True
Is 126307 a prime number?
True
Is 799973 composite?
True
Is 168677 a composite number?
False
Is 113 composite?
False
Is 613 prime?
True
Is 49747 composite?
False
Is 30203 a composite number?
False
Is 1591 a prime number?
False
Is 14395 a prime number?
False
Is 10223 prime?
True
Is 69617 prime?
False
Is 6191 prime?
False
Is 40405 composite?
True
Is 645763 a composite number?
False
Is 10405 composite?
True
Is 182377 a composite number?
True
Is 56333 a composite number?
False
Is 258809 composite?
False
Is 39757 composite?
True
Is 35395 a composite number?
True
Is 1163963 composite?
True
Is 4009 composite?
True
Is 5833 composite?
True
Is 7473905 composite?
True
Is 216187 a prime number?
False
Is 33923 composite?
False
Is 9967 a prime number?
True
Is 2871851 a composite numb